is -4 - 42?
-46
In base 16, what is 0 - -e8?
e8
In base 15, what is 3 - 1e?
-1b
In base 15, what is -839 - -3?
-836
In base 12, what is -139a + 3?
-1397
In base 16, what is -1c7b + 1?
-1c7a
In base 6, what is 13014 - 2?
13012
In base 15, what is -7a6 + -2?
-7a8
In base 5, what is 20342 + 0?
20342
In base 9, what is -352 - -1?
-351
In base 10, what is 1 + 43?
44
In base 12, what is -1347 + 3?
-1344
In base 2, what is 110 + -111110?
-111000
In base 14, what is -4 - 77?
-7b
In base 7, what is -5 - 313?
-321
In base 14, what is -a63d - -3?
-a63a
In base 16, what is 2 - 38c?
-38a
In base 15, what is -3e + 2?
-3c
In base 13, what is 3 + 2a?
30
In base 4, what is -1130 - -23?
-1101
In base 9, what is -762 + 3?
-758
In base 9, what is 0 + -10167?
-10167
In base 9, what is -13 + 1505?
1482
In base 15, what is 2c - 7?
25
In base 12, what is -9 - 380?
-389
In base 11, what is 2a1 - 0?
2a1
In base 16, what is 2be - -5?
2c3
In base 11, what is -221 - -4?
-218
In base 8, what is -40 + 7?
-31
In base 14, what is -1 + -13c?
-13d
In base 15, what is 4 + -70c?
-708
In base 12, what is -67 + 5?
-62
In base 15, what is 3 + -1a?
-17
In base 9, what is 511 - 0?
511
In base 6, what is 4 + -21240?
-21232
In base 15, what is -21 - -4?
-1c
In base 7, what is 2 - -520?
522
In base 15, what is -161 + -3?
-164
In base 7, what is 1 + 212?
213
In base 13, what is -12 - -b0?
9b
In base 7, what is -2 - 211?
-213
In base 5, what is 1 + -32?
-31
In base 2, what is -110 - -1110?
1000
In base 12, what is -2 + 75?
73
In base 12, what is 46 - -43?
89
In base 15, what is -9 - 101?
-10a
In base 11, what is 1303 - 2?
1301
In base 13, what is 3 + 2b?
31
In base 2, what is -10111 + -1000011?
-1011010
In base 11, what is -3 + -102a?
-1032
In base 14, what is 2 - ab?
-a9
In base 5, what is 1 + 24?
30
In base 10, what is 2 - 1076?
-1074
In base 14, what is -30b - 1?
-30c
In base 3, what is -22 + -201?
-1000
In base 7, what is 153 - 24?
126
In base 2, what is 110010110 - -10001?
110100111
In base 2, what is -100 + -101111?
-110011
In base 8, what is 6 - 1?
5
In base 9, what is -1 - -1143?
1142
In base 10, what is -1 + -21?
-22
In base 12, what is 10 - 3?
9
In base 3, what is -11 - -2111?
2100
In base 11, what is -150 - 85?
-225
In base 6, what is 1412 + 1?
1413
In base 10, what is 4 - 13?
-9
In base 3, what is 120 - -2112?
10002
In base 16, what is -f + 21d?
20e
In base 10, what is 4 - 124?
-120
In base 15, what is 11a + 3?
11d
In base 11, what is -16 - -33?
18
In base 16, what is -4 + -12e?
-132
In base 10, what is -3 + -5?
-8
In base 7, what is -14451 - 3?
-14454
In base 8, what is -403 + -3?
-406
In base 12, what is -32 + -76?
-a8
In base 3, what is -22 + -11?
-110
In base 12, what is -6 + -343?
-349
In base 3, what is 10 - -11200?
11210
In base 9, what is 3 - -145?
148
In base 12, what is 23 - -b0?
113
In base 9, what is 516 - 25?
481
In base 4, what is -110 + 30?
-20
In base 12, what is 59 - 85?
-28
In base 11, what is 22 + 86?
a8
In base 15, what is 0 - -1bc?
1bc
In base 13, what is -97 + -43?
-10a
In base 9, what is 457 - 2?
455
In base 4, what is -1102230 + -11?
-1102301
In base 6, what is -503 + 40?
-423
In base 5, what is -203 + -20?
-223
In base 12, what is -1 + -4a?
-4b
In base 2, what is 11110 - 110?
11000
In base 3, what is 111 + 12021?
12202
In base 6, what is 5 + 13102?
13111
In base 5, what is -11 - -4000?
3434
In base 16, what is -2d + -20?
-4d
In base 3, what is -20220 + -2?
-20222
In base 5, what is -1403 + -1?
-1404
In base 3, what is -2 - 101020?
-101022
In base 15, what is 5 - 67?
-62
In base 16, what is 2ad - -d?
2ba
In base 3, what is 11 - -1011111?
1011122
In base 11, what is -1 - -54?
53
In base 3, what is -11021 - -11?
-11010
In base 16, what is -a7 + -4?
-ab
In base 2, what is 10 + -1010001?
-1001111
In base 11, what is -100 + 5?
-a6
In base 15, what is -16d - -2?
-16b
In base 16, what is 4 - 12f?
-12b
In base 13, what is 2 - 0?
2
In base 7, what is 1104 + -4?
1100
In base 13, what is 9c - 68?
34
In base 6, what is -1 - -551?
550
In base 2, what is -11 + 10111000000?
10110111101
In base 13, what is 23 + 1a?
40
In base 14, what is -7 - 41?
-48
In base 11, what is 4 - -84?
88
In base 13, what is 22 + 2?
24
In base 9, what is 0 + -6?
-6
In base 15, what is -5 - -75?
70
In base 12, what is -17 - -16?
-1
In base 16, what is 1f + a?
29
In base 2, what is -111011 - 1?
-111100
In base 13, what is 47 + -56?
-c
In base 6, what is 25 - -5211?
5240
In base 14, what is -5 - -11c?
117
In base 9, what is -26 + -15?
-42
In base 15, what is -1 - -c1?
c0
In base 11, what is 3 + 315?
318
In base 6, what is 111 - 4?
103
In base 13, what is -10a + 1?
-109
In base 7, what is -1524 + 40?
-1454
In base 3, what is 10220 + 0?
10220
In base 3, what is 10021 - 1?
10020
In base 14, what is 2 - 398?
-396
In base 5, what is -2141 + 4?
-2132
In base 2, what is -10 - 10101?
-10111
In base 2, what is -101001 - 1011?
-110100
In base 6, what is 0 + 23?
23
In base 15, what is 1 + 918?
919
In base 3, what is -10022 - 10102?
-20201
In base 13, what is -19a + 12?
-188
In base 9, what is -2 + 766?
764
In base 16, what is 5 - 6?
-1
In base 6, what is 5 + 1300?
1305
In base 8, what is -127 + -14?
-143
In base 13, what is 33b + -9?
332
In base 9, what is -2 - -118?
116
In base 13, what is -6 + 71?
68
In base 5, what is -1043 - 3?
-1101
In base 10, what is 6744 - -1?
6745
In base 3, what is 1 + 22?
100
In base 3, what is 12 + 2201?
2220
In base 15, what is -17 - 6d?
-85
In base 11, what is 7479 + 1?
747a
In base 15, what is 12d0 - -2?
12d2
In base 12, what is -5 + -21b7?
-2200
In base 13, what is -3 - 3c?
-42
In base 9, what is 54 - 1?
53
In base 11, what is -2 + 477?
475
In base 3, what is 101 - -21?
122
In base 7, what is 4 + -10632?
-10625
In base 9, what is -2 - 181?
-183
In base 16, what is -4 + e?
a
In base 15, what is 5de1 - 5?
5ddb
In base 6, what is -335 + -350?
-1125
In base 5, what is 3 - 433?
-430
In base 13, what is -12 + -2c3?
-305
In base 12, what is -3 + 1993?
1990
In base 3, what is -11 - 12000022?
-12000110
In base 7, what is 223 - 0?
223
In base 9, what is -3 - 520?
-523
In base 3, what is 2 - 2221221?
-2221212
In base 5, what is -21 - -11?
-10
In base 12, what is 863 - -2?
865
In base 2, what is -101000 + -1000001?
-1101001
In base 16, what is -4 - -a8?
a4
In base 4, what is 12331 - -231?
13222
In base 9, what is -3018 - -4?
-3014
In base 7, what is 6 - -1?
10
In base 9, what is -4318 - -8?
-4310
In base 5, what is -10304 + -3?
-10312
In base 5, what is 103 - 44?
4
In base 15, what is -2 + 1673?
1671
In base 12, what is -5 + -2576?
-257b
In base 5, what is -1300 + -1?
-1301
In base 13, what is -23 + 564?
541
In base 14, what is 68 - -1?
69
In base 15, what is 21 + -28?
-7
In base 2, what is 1011001 + 11101?
1110110
In base 12, what is -227a + -4?
-2282
In base 10, what is 2 + 48?
50
In base 8, what is -73 - -44?
-27
In base 11, what is 14 + -2?
12
In base 11, what is 380 - 2?
379
In base 15, what is 2 + 7b?
7d
In base 4, what is 0 + 230032?
230032
In base 5, what is 13211 + -3?
13203
In base 13, what is 85 - -7?
8c
In base 9, what is -4 + 778?
774
In base 11, what is -19 + -4?
-22
In base 12, what is 288 - 2?
286
In base 14, what is 15 + -24d?
-238
In base 6, what is -3451 - -20?
-3431
In base 11, what is 5 - -53?
58
In base 5, what is 21 - -10?
31
In base 16, what is 229 - 3?
226
In base 7, what is -3404 - -4?
-3400
In base 5, what is 3 + -103?
-100
In base 2, what is 11110101 + -10111?
11011110
In base 10, what is 36 + -5?
31
In base 15, what is 5 - 180?
-17a
In base 5, what is -2 - 22103?
-22110
In base 14, what is 130 + -5?
129
In base 13, what is -3 + a?
7
In base 10, what is -1 - -24?
23
In base 12, what is 38 - -26?
62
In base 16, what is 4 - -bd?
c1
In base 8, what is 3420 - -1?
3421
In base 4, what is -2 + -3331?
-3333
In base 5, what is 3 - 11440?
-11432
In base 5, what is 0 - 20242?
-20242
In base 11, what is 1 + -a8?
-a7
In base 14, what is -1 + -21?
-22
In base 10, what is -5 - 169?
-174
In base 9, what is -1165 - -5?
-1160
In base 7, what is 14 + -34?
-20
In base 10, what is -54 - -5?
-49
In base 2, what is -1011101 - 1101110?
-11001011
In base 15, what is 98 + -3?
95
In base 12, what is 87 - -2?
89
In base 4, what is 11031 - -20?
11111
In base 9, what is -3 + 124?
12